{"id":1086,"date":"2023-12-10T20:05:38","date_gmt":"2023-12-10T19:05:38","guid":{"rendered":"https:\/\/grain2folie.com\/WordPress2\/?page_id=1086"},"modified":"2023-12-15T09:38:41","modified_gmt":"2023-12-15T08:38:41","slug":"melanie-dalmeida","status":"publish","type":"page","link":"https:\/\/grain2folie.com\/WordPress2\/artistes\/melanie-dalmeida\/","title":{"rendered":"M\u00e9lanie D&rsquo;Almeida"},"content":{"rendered":"\n<p><\/p>\n\n\n<div class=\"wp-block-image is-style-rounded\">\n<figure class=\"aligncenter size-full is-resized\"><a href=\"https:\/\/grain2folie.com\/WordPress2\/wp-content\/uploads\/2023\/12\/75047870_426165504754860_1716322064522018816_n-scaled.jpg\"><img loading=\"lazy\" decoding=\"async\" src=\"https:\/\/grain2folie.com\/WordPress2\/wp-content\/uploads\/2023\/12\/75047870_426165504754860_1716322064522018816_n-scaled.jpg\" alt=\"\" class=\"wp-image-1091\" width=\"285\" height=\"428\" srcset=\"https:\/\/grain2folie.com\/WordPress2\/wp-content\/uploads\/2023\/12\/75047870_426165504754860_1716322064522018816_n-scaled.jpg 1706w, https:\/\/grain2folie.com\/WordPress2\/wp-content\/uploads\/2023\/12\/75047870_426165504754860_1716322064522018816_n-200x300.jpg 200w, https:\/\/grain2folie.com\/WordPress2\/wp-content\/uploads\/2023\/12\/75047870_426165504754860_1716322064522018816_n-683x1024.jpg 683w, https:\/\/grain2folie.com\/WordPress2\/wp-content\/uploads\/2023\/12\/75047870_426165504754860_1716322064522018816_n-768x1152.jpg 768w, https:\/\/grain2folie.com\/WordPress2\/wp-content\/uploads\/2023\/12\/75047870_426165504754860_1716322064522018816_n-1024x1536.jpg 1024w, https:\/\/grain2folie.com\/WordPress2\/wp-content\/uploads\/2023\/12\/75047870_426165504754860_1716322064522018816_n-1365x2048.jpg 1365w\" sizes=\"auto, (max-width: 285px) 100vw, 285px\" \/><\/a><\/figure>\n<\/div>\n\n\n<figure class=\"wp-block-embed aligncenter is-type-video is-provider-youtube wp-block-embed-youtube wp-embed-aspect-16-9 wp-has-aspect-ratio\"><div class=\"wp-block-embed__wrapper\">\n<iframe loading=\"lazy\" title=\"D\u00e9mo com\u00e9dienne M\u00e9lanie D&#039;Almeida\" width=\"525\" height=\"295\" src=\"https:\/\/www.youtube.com\/embed\/Fo5bnU2jFpU?feature=oembed\" frameborder=\"0\" allow=\"accelerometer; autoplay; clipboard-write; encrypted-media; gyroscope; picture-in-picture; web-share\" referrerpolicy=\"strict-origin-when-cross-origin\" allowfullscreen><\/iframe>\n<\/div><figcaption class=\"wp-element-caption\">Bande d\u00e9mo<\/figcaption><\/figure>\n\n\n\n<h1 class=\"wp-block-heading has-text-align-center\">Exp\u00e9riences professionnelles<\/h1>\n\n\n\n<h2 class=\"wp-block-heading\"><em><strong>Th\u00e9\u00e2tre<\/strong><\/em><\/h2>\n\n\n\n<ul class=\"wp-block-list\">\n<li><strong>Le choix<\/strong> : de Jean-Marc Magnoni, mise en sc\u00e8ne Grain2Folie<\/li>\n\n\n\n<li><strong>Pour ses beaux yeux&nbsp;: <\/strong><em>de R. de Obaldia<\/em>, mise en sc\u00e8ne Youn<\/li>\n\n\n\n<li><strong>La piste aux espoirs<\/strong> <strong>: <\/strong><em>de R\u00e9mi Viallet,<\/em> mise en sc\u00e8ne Youn<\/li>\n\n\n\n<li><strong>Imaginarius&nbsp;: <\/strong><em>jeune public,<\/em>cr\u00e9ation, mise en sc\u00e8ne Yvon Carpier<\/li>\n\n\n\n<li><strong>Balades patrimoniales&nbsp;<\/strong>: <em>Th\u00e9\u00e2tre classique<\/em>, mise en sc\u00e8ne Jeoffrey Carr\u00e9<\/li>\n\n\n\n<li><strong>La Cuisine&nbsp;<\/strong>: <em>de H. Wesker,<\/em> mise en sc\u00e8ne compagnie l&rsquo;\u00c9quivoque<\/li>\n\n\n\n<li><strong>Paroles Blanches&nbsp;<\/strong>: <em>de G. Chevrolet<\/em>, mise en sc\u00e8ne Jeoffrey Carr\u00e9<\/li>\n\n\n\n<li><strong>Handisketch<\/strong>&nbsp;: <em>th\u00e9\u00e2tre en entreprise<\/em>, sensibilisation au handicap<\/li>\n\n\n\n<li><strong>Le Bug de No\u00ebl&nbsp;<\/strong>: <em>jeune public,<\/em> auteur, interpr\u00e8te et mise en sc\u00e8ne<\/li>\n\n\n\n<li><strong>Cicatrices&nbsp;: <\/strong><em>de Jean-Marc Magnoni<\/em>, mise en sc\u00e8ne E.H\u00e9non et G.de Rigaud<\/li>\n\n\n\n<li><strong>Jeu set et match<\/strong> : <em>de R\u00e9mi Viallet<\/em><em>,<\/em> mise en sc\u00e8ne R\u00e9mi Viallet<\/li>\n\n\n\n<li><strong>Ch\u00e8re El\u00e9na Sergu\u00e9i\u00e8vna&nbsp;<\/strong>:<em> de L. Razoumovska\u00efa,<\/em> mise en sc\u00e8ne&nbsp;L.Delpit<\/li>\n\n\n\n<li><strong>Amours fous<\/strong> : <em>de M. Azama, <\/em>mise en sc\u00e8neFr\u00e9d\u00e9ric Jacquot<\/li>\n<\/ul>\n\n\n\n<h2 class=\"wp-block-heading\"><em><strong>Cin\u00e9ma\/Tv\/Publicit\u00e9s<\/strong><\/em><\/h2>\n\n\n\n<ul class=\"wp-block-list\">\n<li><strong>Anjou \u00e0 v\u00e9lo&nbsp;:<\/strong> <em>publicit\u00e9<\/em>, r\u00e9al. Julien Aouidad ( Creative corner )<\/li>\n\n\n\n<li><strong>L&rsquo;enfant des \u00e9toiles&nbsp;: <\/strong><em>Court m\u00e9trage<\/em>, r\u00e9al. Alex Gu\u00e9ry (FLB Prod )<\/li>\n\n\n\n<li><strong>Conseil d\u00e9partemental, Tours:<\/strong> <em>Court m\u00e9trage,<\/em>r\u00e9al. Alex Gu\u00e9ry (FLB Prod )<\/li>\n\n\n\n<li><strong>Labo Servier&nbsp;<\/strong>:<em>pub interne <\/em>r\u00e9alisation Roger Egret ( Factum Prod )<\/li>\n\n\n\n<li><strong>Mr Bricolage&nbsp;<\/strong>: <em>pub interne<\/em> r\u00e9alisation Christophe Poly ( Factum Prod )<\/li>\n\n\n\n<li><strong>My Sorrow<\/strong>&nbsp;:<em> Clip <\/em>de Arry Goni r\u00e9alisation Alex Gu\u00e9ry ( FLB Prod )<\/li>\n\n\n\n<li><strong>Recto-Verso<\/strong> : <em>Court m\u00e9trage, <\/em>r\u00f4le principal, r\u00e9alisation Nicolas Humbert<\/li>\n<\/ul>\n\n\n\n<h2 class=\"wp-block-heading\"><strong>Divers<\/strong><\/h2>\n\n\n\n<ul class=\"wp-block-list\">\n<li>Formation au cours RAYMOND GIRARD A.C.T. (Expression corporelle, voix, clown, improvisation\u2026)<\/li>\n\n\n\n<li>Stage de clown dirig\u00e9 par Herv\u00e9 Langlois<\/li>\n\n\n\n<li>Pratique de la danse Modern\u2019jazz (20 ans)<\/li>\n<\/ul>\n\n\n\n<h2 class=\"wp-block-heading has-text-align-center\"><strong><mark style=\"background-color:rgba(0, 0, 0, 0)\" class=\"has-inline-color has-black-color\">Galerie photos<\/mark><\/strong><\/h2>\n\n\n\n<figure class=\"wp-block-gallery has-nested-images columns-default is-cropped wp-block-gallery-1 is-layout-flex wp-block-gallery-is-layout-flex\">\n<figure class=\"wp-block-image size-large\"><a href=\"https:\/\/grain2folie.com\/WordPress2\/wp-content\/uploads\/2023\/12\/Mel1-scaled.jpg\"><img loading=\"lazy\" decoding=\"async\" width=\"710\" height=\"1024\" data-id=\"1122\" src=\"https:\/\/grain2folie.com\/WordPress2\/wp-content\/uploads\/2023\/12\/Mel1-710x1024.jpg\" alt=\"\" class=\"wp-image-1122\" srcset=\"https:\/\/grain2folie.com\/WordPress2\/wp-content\/uploads\/2023\/12\/Mel1-710x1024.jpg 710w, https:\/\/grain2folie.com\/WordPress2\/wp-content\/uploads\/2023\/12\/Mel1-208x300.jpg 208w, https:\/\/grain2folie.com\/WordPress2\/wp-content\/uploads\/2023\/12\/Mel1-768x1107.jpg 768w, https:\/\/grain2folie.com\/WordPress2\/wp-content\/uploads\/2023\/12\/Mel1-1065x1536.jpg 1065w, https:\/\/grain2folie.com\/WordPress2\/wp-content\/uploads\/2023\/12\/Mel1-1421x2048.jpg 1421w, https:\/\/grain2folie.com\/WordPress2\/wp-content\/uploads\/2023\/12\/Mel1-scaled.jpg 1776w\" sizes=\"auto, (max-width: 710px) 100vw, 710px\" \/><\/a><\/figure>\n<\/figure>\n\n\n\n<figure class=\"wp-block-image size-large\"><a href=\"https:\/\/grain2folie.com\/WordPress2\/wp-content\/uploads\/2023\/12\/P1030638-scaled.jpg\"><img loading=\"lazy\" decoding=\"async\" width=\"1024\" height=\"769\" src=\"https:\/\/grain2folie.com\/WordPress2\/wp-content\/uploads\/2023\/12\/P1030638-1024x769.jpg\" alt=\"\" class=\"wp-image-1121\" srcset=\"https:\/\/grain2folie.com\/WordPress2\/wp-content\/uploads\/2023\/12\/P1030638-1024x769.jpg 1024w, https:\/\/grain2folie.com\/WordPress2\/wp-content\/uploads\/2023\/12\/P1030638-300x225.jpg 300w, https:\/\/grain2folie.com\/WordPress2\/wp-content\/uploads\/2023\/12\/P1030638-768x577.jpg 768w, https:\/\/grain2folie.com\/WordPress2\/wp-content\/uploads\/2023\/12\/P1030638-1536x1153.jpg 1536w, https:\/\/grain2folie.com\/WordPress2\/wp-content\/uploads\/2023\/12\/P1030638-2048x1538.jpg 2048w\" sizes=\"auto, (max-width: 767px) 89vw, (max-width: 1000px) 54vw, (max-width: 1071px) 543px, 580px\" \/><\/a><\/figure>\n\n\n\n<figure class=\"wp-block-gallery has-nested-images columns-default is-cropped wp-block-gallery-2 is-layout-flex wp-block-gallery-is-layout-flex\">\n<figure class=\"wp-block-image size-large\"><a href=\"https:\/\/grain2folie.com\/WordPress2\/wp-content\/uploads\/2023\/12\/Melanie-DAlmeida-face-scaled.jpg\"><img loading=\"lazy\" decoding=\"async\" width=\"660\" height=\"1024\" data-id=\"1123\" src=\"https:\/\/grain2folie.com\/WordPress2\/wp-content\/uploads\/2023\/12\/Melanie-DAlmeida-face-660x1024.jpg\" alt=\"\" class=\"wp-image-1123\" srcset=\"https:\/\/grain2folie.com\/WordPress2\/wp-content\/uploads\/2023\/12\/Melanie-DAlmeida-face-660x1024.jpg 660w, https:\/\/grain2folie.com\/WordPress2\/wp-content\/uploads\/2023\/12\/Melanie-DAlmeida-face-193x300.jpg 193w, https:\/\/grain2folie.com\/WordPress2\/wp-content\/uploads\/2023\/12\/Melanie-DAlmeida-face-768x1192.jpg 768w, https:\/\/grain2folie.com\/WordPress2\/wp-content\/uploads\/2023\/12\/Melanie-DAlmeida-face-990x1536.jpg 990w, https:\/\/grain2folie.com\/WordPress2\/wp-content\/uploads\/2023\/12\/Melanie-DAlmeida-face-1320x2048.jpg 1320w, https:\/\/grain2folie.com\/WordPress2\/wp-content\/uploads\/2023\/12\/Melanie-DAlmeida-face-scaled.jpg 1650w\" sizes=\"auto, (max-width: 660px) 100vw, 660px\" \/><\/a><\/figure>\n<\/figure>\n\n\n\n<figure class=\"wp-block-gallery has-nested-images columns-default is-cropped wp-block-gallery-3 is-layout-flex wp-block-gallery-is-layout-flex\">\n<figure class=\"wp-block-image size-large\"><a href=\"https:\/\/grain2folie.com\/WordPress2\/wp-content\/uploads\/2023\/12\/plein-pied-Melanie-DAlmeida-scaled.jpg\"><img loading=\"lazy\" decoding=\"async\" width=\"548\" height=\"1024\" data-id=\"1124\" src=\"https:\/\/grain2folie.com\/WordPress2\/wp-content\/uploads\/2023\/12\/plein-pied-Melanie-DAlmeida-548x1024.jpg\" alt=\"\" class=\"wp-image-1124\" srcset=\"https:\/\/grain2folie.com\/WordPress2\/wp-content\/uploads\/2023\/12\/plein-pied-Melanie-DAlmeida-548x1024.jpg 548w, https:\/\/grain2folie.com\/WordPress2\/wp-content\/uploads\/2023\/12\/plein-pied-Melanie-DAlmeida-161x300.jpg 161w, https:\/\/grain2folie.com\/WordPress2\/wp-content\/uploads\/2023\/12\/plein-pied-Melanie-DAlmeida-768x1435.jpg 768w, https:\/\/grain2folie.com\/WordPress2\/wp-content\/uploads\/2023\/12\/plein-pied-Melanie-DAlmeida-822x1536.jpg 822w, https:\/\/grain2folie.com\/WordPress2\/wp-content\/uploads\/2023\/12\/plein-pied-Melanie-DAlmeida-1096x2048.jpg 1096w, https:\/\/grain2folie.com\/WordPress2\/wp-content\/uploads\/2023\/12\/plein-pied-Melanie-DAlmeida-scaled.jpg 1370w\" sizes=\"auto, (max-width: 548px) 100vw, 548px\" \/><\/a><\/figure>\n<\/figure>\n\n\n\n<figure class=\"wp-block-gallery has-nested-images columns-default is-cropped wp-block-gallery-4 is-layout-flex wp-block-gallery-is-layout-flex\">\n<figure class=\"wp-block-image size-large\"><a href=\"https:\/\/grain2folie.com\/WordPress2\/wp-content\/uploads\/2023\/12\/melanie1-scaled.jpg\"><img loading=\"lazy\" decoding=\"async\" width=\"1024\" height=\"683\" data-id=\"1125\" src=\"https:\/\/grain2folie.com\/WordPress2\/wp-content\/uploads\/2023\/12\/melanie1-1024x683.jpg\" alt=\"\" class=\"wp-image-1125\" srcset=\"https:\/\/grain2folie.com\/WordPress2\/wp-content\/uploads\/2023\/12\/melanie1-1024x683.jpg 1024w, https:\/\/grain2folie.com\/WordPress2\/wp-content\/uploads\/2023\/12\/melanie1-300x200.jpg 300w, https:\/\/grain2folie.com\/WordPress2\/wp-content\/uploads\/2023\/12\/melanie1-768x512.jpg 768w, https:\/\/grain2folie.com\/WordPress2\/wp-content\/uploads\/2023\/12\/melanie1-1536x1024.jpg 1536w, https:\/\/grain2folie.com\/WordPress2\/wp-content\/uploads\/2023\/12\/melanie1-2048x1365.jpg 2048w\" sizes=\"auto, (max-width: 767px) 89vw, (max-width: 1000px) 54vw, (max-width: 1071px) 543px, 580px\" \/><\/a><\/figure>\n<\/figure>\n\n\n\n<figure class=\"wp-block-gallery has-nested-images columns-default is-cropped wp-block-gallery-5 is-layout-flex wp-block-gallery-is-layout-flex\">\n<figure class=\"wp-block-image size-large\"><a href=\"https:\/\/grain2folie.com\/WordPress2\/wp-content\/uploads\/2023\/12\/melanie7-scaled.jpg\"><img loading=\"lazy\" decoding=\"async\" width=\"1024\" height=\"583\" data-id=\"1126\" src=\"https:\/\/grain2folie.com\/WordPress2\/wp-content\/uploads\/2023\/12\/melanie7-1024x583.jpg\" alt=\"\" class=\"wp-image-1126\" srcset=\"https:\/\/grain2folie.com\/WordPress2\/wp-content\/uploads\/2023\/12\/melanie7-1024x583.jpg 1024w, https:\/\/grain2folie.com\/WordPress2\/wp-content\/uploads\/2023\/12\/melanie7-300x171.jpg 300w, https:\/\/grain2folie.com\/WordPress2\/wp-content\/uploads\/2023\/12\/melanie7-768x437.jpg 768w, https:\/\/grain2folie.com\/WordPress2\/wp-content\/uploads\/2023\/12\/melanie7-1536x875.jpg 1536w, https:\/\/grain2folie.com\/WordPress2\/wp-content\/uploads\/2023\/12\/melanie7-2048x1166.jpg 2048w\" sizes=\"auto, (max-width: 767px) 89vw, (max-width: 1000px) 54vw, (max-width: 1071px) 543px, 580px\" \/><\/a><\/figure>\n<\/figure>\n\n\n\n<figure class=\"wp-block-gallery has-nested-images columns-default is-cropped wp-block-gallery-6 is-layout-flex wp-block-gallery-is-layout-flex\">\n<figure class=\"wp-block-image size-large\"><a href=\"https:\/\/grain2folie.com\/WordPress2\/wp-content\/uploads\/2023\/12\/P1000424-1-scaled.jpg\"><img loading=\"lazy\" decoding=\"async\" width=\"792\" height=\"1024\" data-id=\"1128\" src=\"https:\/\/grain2folie.com\/WordPress2\/wp-content\/uploads\/2023\/12\/P1000424-1-792x1024.jpg\" alt=\"\" class=\"wp-image-1128\" srcset=\"https:\/\/grain2folie.com\/WordPress2\/wp-content\/uploads\/2023\/12\/P1000424-1-792x1024.jpg 792w, https:\/\/grain2folie.com\/WordPress2\/wp-content\/uploads\/2023\/12\/P1000424-1-232x300.jpg 232w, https:\/\/grain2folie.com\/WordPress2\/wp-content\/uploads\/2023\/12\/P1000424-1-768x993.jpg 768w, https:\/\/grain2folie.com\/WordPress2\/wp-content\/uploads\/2023\/12\/P1000424-1-1188x1536.jpg 1188w, https:\/\/grain2folie.com\/WordPress2\/wp-content\/uploads\/2023\/12\/P1000424-1-1584x2048.jpg 1584w, https:\/\/grain2folie.com\/WordPress2\/wp-content\/uploads\/2023\/12\/P1000424-1-scaled.jpg 1980w\" sizes=\"auto, (max-width: 767px) 89vw, (max-width: 1000px) 54vw, (max-width: 1071px) 543px, 580px\" \/><\/a><\/figure>\n<\/figure>\n\n\n\n<figure class=\"wp-block-gallery has-nested-images columns-default is-cropped wp-block-gallery-7 is-layout-flex wp-block-gallery-is-layout-flex\">\n<figure class=\"wp-block-image size-large\"><a href=\"https:\/\/grain2folie.com\/WordPress2\/wp-content\/uploads\/2023\/12\/P1000660-scaled.jpg\"><img loading=\"lazy\" decoding=\"async\" width=\"769\" height=\"1024\" data-id=\"1129\" src=\"https:\/\/grain2folie.com\/WordPress2\/wp-content\/uploads\/2023\/12\/P1000660-769x1024.jpg\" alt=\"\" class=\"wp-image-1129\" srcset=\"https:\/\/grain2folie.com\/WordPress2\/wp-content\/uploads\/2023\/12\/P1000660-769x1024.jpg 769w, https:\/\/grain2folie.com\/WordPress2\/wp-content\/uploads\/2023\/12\/P1000660-225x300.jpg 225w, https:\/\/grain2folie.com\/WordPress2\/wp-content\/uploads\/2023\/12\/P1000660-768x1023.jpg 768w, https:\/\/grain2folie.com\/WordPress2\/wp-content\/uploads\/2023\/12\/P1000660-1153x1536.jpg 1153w, https:\/\/grain2folie.com\/WordPress2\/wp-content\/uploads\/2023\/12\/P1000660-1538x2048.jpg 1538w, https:\/\/grain2folie.com\/WordPress2\/wp-content\/uploads\/2023\/12\/P1000660-scaled.jpg 1922w\" sizes=\"auto, (max-width: 767px) 89vw, (max-width: 1000px) 54vw, (max-width: 1071px) 543px, 580px\" \/><\/a><\/figure>\n<\/figure>\n","protected":false},"excerpt":{"rendered":"<p>Exp\u00e9riences professionnelles Th\u00e9\u00e2tre Cin\u00e9ma\/Tv\/Publicit\u00e9s Divers Galerie photos<\/p>\n","protected":false},"author":1,"featured_media":0,"parent":46,"menu_order":1,"comment_status":"closed","ping_status":"closed","template":"","meta":{"footnotes":""},"class_list":["post-1086","page","type-page","status-publish","hentry"],"_links":{"self":[{"href":"https:\/\/grain2folie.com\/WordPress2\/wp-json\/wp\/v2\/pages\/1086","targetHints":{"allow":["GET"]}}],"collection":[{"href":"https:\/\/grain2folie.com\/WordPress2\/wp-json\/wp\/v2\/pages"}],"about":[{"href":"https:\/\/grain2folie.com\/WordPress2\/wp-json\/wp\/v2\/types\/page"}],"author":[{"embeddable":true,"href":"https:\/\/grain2folie.com\/WordPress2\/wp-json\/wp\/v2\/users\/1"}],"replies":[{"embeddable":true,"href":"https:\/\/grain2folie.com\/WordPress2\/wp-json\/wp\/v2\/comments?post=1086"}],"version-history":[{"count":17,"href":"https:\/\/grain2folie.com\/WordPress2\/wp-json\/wp\/v2\/pages\/1086\/revisions"}],"predecessor-version":[{"id":1130,"href":"https:\/\/grain2folie.com\/WordPress2\/wp-json\/wp\/v2\/pages\/1086\/revisions\/1130"}],"up":[{"embeddable":true,"href":"https:\/\/grain2folie.com\/WordPress2\/wp-json\/wp\/v2\/pages\/46"}],"wp:attachment":[{"href":"https:\/\/grain2folie.com\/WordPress2\/wp-json\/wp\/v2\/media?parent=1086"}],"curies":[{"name":"wp","href":"https:\/\/api.w.org\/{rel}","templated":true}]}}