{"id":520,"date":"2018-11-11T11:51:08","date_gmt":"2018-11-11T10:51:08","guid":{"rendered":"http:\/\/grain2folie.com\/WordPress2\/?page_id=520"},"modified":"2023-12-27T12:07:43","modified_gmt":"2023-12-27T11:07:43","slug":"pour-ses-beaux-yeux","status":"publish","type":"page","link":"https:\/\/grain2folie.com\/WordPress2\/pour-ses-beaux-yeux\/","title":{"rendered":"Pour ses beaux yeux"},"content":{"rendered":"\n<h6 class=\"wp-block-heading\"><strong>ATTENTION : <\/strong><em><strong>L&rsquo;exploitation de cette pi\u00e8ce s&rsquo;est termin\u00e9e en 2021<\/strong><\/em><\/h6>\n\n\n\n<h5 class=\"wp-block-heading has-text-align-center\">Une com\u00e9die de Ren\u00e9 De Obaldia<\/h5>\n\n\n\n<h5 class=\"wp-block-heading has-text-align-center\">mise en sc\u00e8ne de Youn<\/h5>\n\n\n\n<h5 class=\"wp-block-heading has-text-align-center\">avec M\u00e9lanie D&rsquo;Almeida, Yvon Carpier et S\u00e9bastien Ory<\/h5>\n\n\n\n<h5 class=\"wp-block-heading has-text-align-center\"><a href=\"https:\/\/grain2folie.com\/WordPress2\/wp-content\/uploads\/2019\/03\/PSBY-Affiche-A2.jpg\"><img loading=\"lazy\" decoding=\"async\" class=\"alignnone size-medium wp-image-633\" src=\"https:\/\/grain2folie.com\/WordPress2\/wp-content\/uploads\/2019\/03\/PSBY-Affiche-A2-213x300.jpg\" alt=\"\" width=\"213\" height=\"300\" srcset=\"https:\/\/grain2folie.com\/WordPress2\/wp-content\/uploads\/2019\/03\/PSBY-Affiche-A2-213x300.jpg 213w, https:\/\/grain2folie.com\/WordPress2\/wp-content\/uploads\/2019\/03\/PSBY-Affiche-A2-768x1082.jpg 768w, https:\/\/grain2folie.com\/WordPress2\/wp-content\/uploads\/2019\/03\/PSBY-Affiche-A2-727x1024.jpg 727w\" sizes=\"auto, (max-width: 213px) 100vw, 213px\" \/><\/a><\/h5>\n\n\n\n<h5 class=\"wp-block-heading has-text-align-center\">&nbsp;<\/h5>\n\n\n\n<figure class=\"wp-block-embed is-type-video is-provider-youtube wp-block-embed-youtube wp-embed-aspect-16-9 wp-has-aspect-ratio\"><div class=\"wp-block-embed__wrapper\">\n<iframe loading=\"lazy\" title=\"Pour ses beaux yeux\" width=\"525\" height=\"295\" src=\"https:\/\/www.youtube.com\/embed\/rsrImTJIPtA?feature=oembed\" frameborder=\"0\" allow=\"accelerometer; autoplay; clipboard-write; encrypted-media; gyroscope; picture-in-picture; web-share\" referrerpolicy=\"strict-origin-when-cross-origin\" allowfullscreen><\/iframe>\n<\/div><\/figure>\n\n\n\n<h5 class=\"wp-block-heading has-text-align-center\"><a href=\"https:\/\/grain2folie.com\/WordPress2\/wp-content\/uploads\/2018\/11\/IMG_20181102_171153.jpg\"><img loading=\"lazy\" decoding=\"async\" class=\"alignnone size-medium wp-image-523\" src=\"https:\/\/grain2folie.com\/WordPress2\/wp-content\/uploads\/2018\/11\/IMG_20181102_171153-300x103.jpg\" alt=\"\" width=\"300\" height=\"103\" srcset=\"https:\/\/grain2folie.com\/WordPress2\/wp-content\/uploads\/2018\/11\/IMG_20181102_171153-300x103.jpg 300w, https:\/\/grain2folie.com\/WordPress2\/wp-content\/uploads\/2018\/11\/IMG_20181102_171153-768x265.jpg 768w, https:\/\/grain2folie.com\/WordPress2\/wp-content\/uploads\/2018\/11\/IMG_20181102_171153-1024x353.jpg 1024w\" sizes=\"auto, (max-width: 300px) 100vw, 300px\" \/><\/a><\/h5>\n","protected":false},"excerpt":{"rendered":"<p>ATTENTION : L&rsquo;exploitation de cette pi\u00e8ce s&rsquo;est termin\u00e9e en 2021 Une com\u00e9die de Ren\u00e9 De Obaldia mise en sc\u00e8ne de Youn avec M\u00e9lanie D&rsquo;Almeida, Yvon Carpier et S\u00e9bastien Ory &nbsp;<\/p>\n","protected":false},"author":1,"featured_media":0,"parent":0,"menu_order":0,"comment_status":"closed","ping_status":"closed","template":"","meta":{"footnotes":""},"class_list":["post-520","page","type-page","status-publish","hentry"],"_links":{"self":[{"href":"https:\/\/grain2folie.com\/WordPress2\/wp-json\/wp\/v2\/pages\/520","targetHints":{"allow":["GET"]}}],"collection":[{"href":"https:\/\/grain2folie.com\/WordPress2\/wp-json\/wp\/v2\/pages"}],"about":[{"href":"https:\/\/grain2folie.com\/WordPress2\/wp-json\/wp\/v2\/types\/page"}],"author":[{"embeddable":true,"href":"https:\/\/grain2folie.com\/WordPress2\/wp-json\/wp\/v2\/users\/1"}],"replies":[{"embeddable":true,"href":"https:\/\/grain2folie.com\/WordPress2\/wp-json\/wp\/v2\/comments?post=520"}],"version-history":[{"count":21,"href":"https:\/\/grain2folie.com\/WordPress2\/wp-json\/wp\/v2\/pages\/520\/revisions"}],"predecessor-version":[{"id":1150,"href":"https:\/\/grain2folie.com\/WordPress2\/wp-json\/wp\/v2\/pages\/520\/revisions\/1150"}],"wp:attachment":[{"href":"https:\/\/grain2folie.com\/WordPress2\/wp-json\/wp\/v2\/media?parent=520"}],"curies":[{"name":"wp","href":"https:\/\/api.w.org\/{rel}","templated":true}]}}